Last updated on 2020-12-01 00:46:42 CET.
Flavor | Version | Tinstall | Tcheck | Ttotal | Status | Flags |
---|---|---|---|---|---|---|
r-devel-linux-x86_64-debian-clang | 0.1.1 | 11.11 | 66.45 | 77.56 | OK | |
r-devel-linux-x86_64-debian-gcc | 0.1.1 | 7.51 | 52.25 | 59.76 | OK | |
r-devel-linux-x86_64-fedora-clang | 0.1.1 | 96.78 | NOTE | |||
r-devel-linux-x86_64-fedora-gcc | 0.1.1 | 85.69 | NOTE | |||
r-devel-windows-ix86+x86_64 | 0.1.1 | 17.00 | 86.00 | 103.00 | OK | |
r-patched-linux-x86_64 | 0.1.1 | 9.44 | 66.52 | 75.96 | OK | |
r-patched-solaris-x86 | 0.1.1 | 119.60 | NOTE | |||
r-release-linux-x86_64 | 0.1.1 | 9.10 | 64.39 | 73.49 | OK | |
r-release-macos-x86_64 | 0.1.1 | NOTE | ||||
r-release-windows-ix86+x86_64 | 0.1.1 | 13.00 | 62.00 | 75.00 | OK | |
r-oldrel-macos-x86_64 | 0.1.1 | NOTE | ||||
r-oldrel-windows-ix86+x86_64 | 0.1.1 | 12.00 | 89.00 | 101.00 | OK |
Version: 0.1.1
Check: dependencies in R code
Result: NOTE
Namespaces in Imports field not imported from:
‘rlang’ ‘rlist’
All declared Imports should be used.
Flavors: r-devel-linux-x86_64-fedora-clang, r-devel-linux-x86_64-fedora-gcc, r-patched-solaris-x86, r-release-macos-x86_64, r-oldrel-macos-x86_64
Version: 0.1.1
Check: data for non-ASCII characters
Result: NOTE
Note: found 54 marked Latin-1 strings
Note: found 14285 marked UTF-8 strings
Flavors: r-devel-linux-x86_64-fedora-clang, r-devel-linux-x86_64-fedora-gcc, r-patched-solaris-x86, r-release-macos-x86_64, r-oldrel-macos-x86_64