Last updated on 2020-12-01 00:46:42 CET.
Flavor | Version | Tinstall | Tcheck | Ttotal | Status | Flags |
---|---|---|---|---|---|---|
r-devel-linux-x86_64-debian-clang | 1.1.2 | 17.60 | 209.61 | 227.21 | NOTE | |
r-devel-linux-x86_64-debian-gcc | 1.1.2 | 10.90 | 156.18 | 167.08 | NOTE | |
r-devel-linux-x86_64-fedora-clang | 1.1.2 | 257.81 | NOTE | |||
r-devel-linux-x86_64-fedora-gcc | 1.1.2 | 236.85 | NOTE | |||
r-devel-windows-ix86+x86_64 | 1.1.2 | 27.00 | 228.00 | 255.00 | OK | |
r-patched-linux-x86_64 | 1.1.2 | 14.81 | 203.96 | 218.77 | NOTE | |
r-patched-solaris-x86 | 1.1.2 | 260.40 | NOTE | |||
r-release-linux-x86_64 | 1.1.2 | 14.52 | 185.76 | 200.28 | NOTE | |
r-release-macos-x86_64 | 1.1.2 | OK | ||||
r-release-windows-ix86+x86_64 | 1.1.2 | 18.00 | 174.00 | 192.00 | OK | |
r-oldrel-macos-x86_64 | 1.1.2 | OK | ||||
r-oldrel-windows-ix86+x86_64 | 1.1.2 | 31.00 | 239.00 | 270.00 | OK |
Version: 1.1.2
Check: package dependencies
Result: NOTE
Package suggested but not available for checking: 'nlmixr'
Flavors: r-devel-linux-x86_64-debian-clang, r-devel-linux-x86_64-debian-gcc, r-devel-linux-x86_64-fedora-clang, r-devel-linux-x86_64-fedora-gcc, r-patched-linux-x86_64, r-patched-solaris-x86, r-release-linux-x86_64
Version: 1.1.2
Check: installed package size
Result: NOTE
installed size is 5.3Mb
sub-directories of 1Mb or more:
doc 1.1Mb
help 1.0Mb
testdata 2.5Mb
Flavor: r-patched-solaris-x86