Last updated on 2020-12-01 00:46:42 CET.
Flavor | Version | Tinstall | Tcheck | Ttotal | Status | Flags |
---|---|---|---|---|---|---|
r-devel-linux-x86_64-debian-clang | 0.9.4 | 26.31 | 325.40 | 351.71 | OK | |
r-devel-linux-x86_64-debian-gcc | 0.9.4 | 14.99 | 234.60 | 249.59 | OK | |
r-devel-linux-x86_64-fedora-clang | 0.9.4 | 400.73 | NOTE | |||
r-devel-linux-x86_64-fedora-gcc | 0.9.4 | 393.00 | OK | |||
r-devel-windows-ix86+x86_64 | 0.9.4 | 32.00 | 374.00 | 406.00 | OK | |
r-patched-linux-x86_64 | 0.9.4 | 20.42 | 309.38 | 329.80 | OK | |
r-patched-solaris-x86 | 0.9.4 | 509.00 | NOTE | |||
r-release-linux-x86_64 | 0.9.4 | 17.31 | 297.97 | 315.28 | OK | |
r-release-macos-x86_64 | 0.9.4 | OK | ||||
r-release-windows-ix86+x86_64 | 0.9.4 | 23.00 | 275.00 | 298.00 | OK | |
r-oldrel-macos-x86_64 | 0.9.4 | OK | ||||
r-oldrel-windows-ix86+x86_64 | 0.9.4 | 41.00 | 436.00 | 477.00 | OK |
Version: 0.9.4
Check: Rd cross-references
Result: NOTE
Undeclared package ‘quantreg’ in Rd xrefs
Flavor: r-devel-linux-x86_64-fedora-clang
Version: 0.9.4
Check: installed package size
Result: NOTE
installed size is 5.3Mb
sub-directories of 1Mb or more:
doc 3.0Mb
tutorials 1.0Mb
Flavor: r-patched-solaris-x86