Last updated on 2020-12-01 00:46:42 CET.
Flavor | Version | Tinstall | Tcheck | Ttotal | Status | Flags |
---|---|---|---|---|---|---|
r-devel-linux-x86_64-debian-clang | 0.5.8 | 6.50 | 64.20 | 70.70 | OK | |
r-devel-linux-x86_64-debian-gcc | 0.5.8 | 4.80 | 48.02 | 52.82 | OK | |
r-devel-linux-x86_64-fedora-clang | 0.5.8 | 87.25 | NOTE | |||
r-devel-linux-x86_64-fedora-gcc | 0.5.8 | 81.43 | NOTE | |||
r-devel-windows-ix86+x86_64 | 0.5.8 | 13.00 | 83.00 | 96.00 | OK | |
r-patched-linux-x86_64 | 0.5.8 | 5.97 | 65.34 | 71.31 | OK | |
r-patched-solaris-x86 | 0.5.8 | 113.70 | NOTE | |||
r-release-linux-x86_64 | 0.5.8 | 6.32 | 61.53 | 67.85 | OK | |
r-release-macos-x86_64 | 0.5.8 | NOTE | ||||
r-release-windows-ix86+x86_64 | 0.5.8 | 8.00 | 69.00 | 77.00 | OK | |
r-oldrel-macos-x86_64 | 0.5.8 | NOTE | ||||
r-oldrel-windows-ix86+x86_64 | 0.5.8 | 10.00 | 83.00 | 93.00 | OK |
Version: 0.5.8
Check: dependencies in R code
Result: NOTE
Namespaces in Imports field not imported from:
‘sna’ ‘utils’
All declared Imports should be used.
Flavors: r-devel-linux-x86_64-fedora-clang, r-devel-linux-x86_64-fedora-gcc, r-patched-solaris-x86, r-release-macos-x86_64, r-oldrel-macos-x86_64