CRAN Package Check Results for Package ggparty

Last updated on 2020-12-01 00:46:42 CET.

Flavor Version Tinstall Tcheck Ttotal Status Flags
r-devel-linux-x86_64-debian-clang 1.0.0 14.27 229.76 244.03 OK
r-devel-linux-x86_64-debian-gcc 1.0.0 9.33 163.25 172.58 OK
r-devel-linux-x86_64-fedora-clang 1.0.0 274.03 NOTE
r-devel-linux-x86_64-fedora-gcc 1.0.0 269.58 NOTE
r-devel-windows-ix86+x86_64 1.0.0 25.00 256.00 281.00 OK
r-patched-linux-x86_64 1.0.0 11.04 221.80 232.84 OK
r-patched-solaris-x86 1.0.0 334.00 NOTE
r-release-linux-x86_64 1.0.0 12.06 208.89 220.95 OK
r-release-macos-x86_64 1.0.0 NOTE
r-release-windows-ix86+x86_64 1.0.0 20.00 177.00 197.00 OK
r-oldrel-macos-x86_64 1.0.0 NOTE
r-oldrel-windows-ix86+x86_64 1.0.0 22.00 266.00 288.00 OK

Check Details

Version: 1.0.0
Check: dependencies in R code
Result: NOTE
    Namespace in Imports field not imported from: ‘survival’
     All declared Imports should be used.
Flavors: r-devel-linux-x86_64-fedora-clang, r-devel-linux-x86_64-fedora-gcc, r-patched-solaris-x86, r-release-macos-x86_64, r-oldrel-macos-x86_64