CRAN Package Check Results for Package glmmsr

Last updated on 2020-12-01 00:46:42 CET.

Flavor Version Tinstall Tcheck Ttotal Status Flags
r-devel-linux-x86_64-debian-clang 0.2.3 588.99 109.02 698.01 OK --no-vignettes
r-devel-linux-x86_64-debian-gcc 0.2.3 508.03 90.16 598.19 OK --no-vignettes
r-devel-linux-x86_64-fedora-clang 0.2.3 1286.96 NOTE
r-devel-linux-x86_64-fedora-gcc 0.2.3 1238.02 OK
r-devel-windows-ix86+x86_64 0.2.3 990.00 209.00 1199.00 OK --no-vignettes
r-patched-linux-x86_64 0.2.3 795.63 114.42 910.05 OK --no-vignettes
r-patched-solaris-x86 0.2.3 1651.70 OK
r-release-linux-x86_64 0.2.3 605.33 108.69 714.02 OK --no-vignettes
r-release-macos-x86_64 0.2.3 NOTE
r-release-windows-ix86+x86_64 0.2.3 743.00 201.00 944.00 OK --no-vignettes
r-oldrel-macos-x86_64 0.2.3 FAIL
r-oldrel-windows-ix86+x86_64 0.2.3 717.00 246.00 963.00 OK --no-vignettes

Additional issues

clang-UBSAN gcc-UBSAN

Check Details

Version: 0.2.3
Check: installed package size
Result: NOTE
     installed size is 46.4Mb
     sub-directories of 1Mb or more:
     libs 45.5Mb
Flavors: r-devel-linux-x86_64-fedora-clang, r-release-macos-x86_64, r-oldrel-macos-x86_64

Version: 0.2.3
Check: re-building of vignette outputs
Result: FAIL
Flavor: r-oldrel-macos-x86_64