CRAN Package Check Results for Package goeveg

Last updated on 2020-12-01 00:46:43 CET.

Flavor Version Tinstall Tcheck Ttotal Status Flags
r-devel-linux-x86_64-debian-clang 0.4.2 16.55 127.65 144.20 OK
r-devel-linux-x86_64-debian-gcc 0.4.2 13.00 94.29 107.29 OK
r-devel-linux-x86_64-fedora-clang 0.4.2 177.41 NOTE
r-devel-linux-x86_64-fedora-gcc 0.4.2 162.62 NOTE
r-devel-windows-ix86+x86_64 0.4.2 32.00 145.00 177.00 OK
r-patched-linux-x86_64 0.4.2 12.68 121.43 134.11 OK
r-patched-solaris-x86 0.4.2 229.10 NOTE
r-release-linux-x86_64 0.4.2 12.24 118.33 130.57 OK
r-release-macos-x86_64 0.4.2 NOTE
r-release-windows-ix86+x86_64 0.4.2 25.00 112.00 137.00 OK
r-oldrel-macos-x86_64 0.4.2 NOTE
r-oldrel-windows-ix86+x86_64 0.4.2 29.00 139.00 168.00 OK

Check Details

Version: 0.4.2
Check: dependencies in R code
Result: NOTE
    Namespace in Imports field not imported from: ‘cluster’
     All declared Imports should be used.
Flavors: r-devel-linux-x86_64-fedora-clang, r-devel-linux-x86_64-fedora-gcc, r-patched-solaris-x86, r-release-macos-x86_64, r-oldrel-macos-x86_64