CRAN Package Check Results for Package gprofiler2

Last updated on 2020-12-01 00:46:43 CET.

Flavor Version Tinstall Tcheck Ttotal Status Flags
r-devel-linux-x86_64-debian-clang 0.2.0 9.89 68.13 78.02 OK
r-devel-linux-x86_64-debian-gcc 0.2.0 7.41 51.61 59.02 OK
r-devel-linux-x86_64-fedora-clang 0.2.0 97.20 OK
r-devel-linux-x86_64-fedora-gcc 0.2.0 89.93 OK
r-devel-windows-ix86+x86_64 0.2.0 15.00 110.00 125.00 OK
r-patched-linux-x86_64 0.2.0 7.68 70.95 78.63 OK
r-patched-solaris-x86 0.2.0 105.80 WARN
r-release-linux-x86_64 0.2.0 8.12 65.40 73.52 OK
r-release-macos-x86_64 0.2.0 WARN
r-release-windows-ix86+x86_64 0.2.0 12.00 92.00 104.00 OK
r-oldrel-macos-x86_64 0.2.0 WARN
r-oldrel-windows-ix86+x86_64 0.2.0 16.00 109.00 125.00 OK

Check Details

Version: 0.2.0
Check: re-building of vignette outputs
Result: WARN
    Error(s) in re-building vignettes:
     ...
    --- re-building ‘gprofiler2.Rmd’ using rmarkdown
    Warning in engine$weave(file, quiet = quiet, encoding = enc) :
     Pandoc (>= 1.12.3) and/or pandoc-citeproc not available. Falling back to R Markdown v1.
    Quitting from lines 243-244 (gprofiler2.Rmd)
    Error: processing vignette 'gprofiler2.Rmd' failed with diagnostics:
    there is no package called 'webshot'
    --- failed re-building ‘gprofiler2.Rmd’
    
    SUMMARY: processing the following file failed:
     ‘gprofiler2.Rmd’
    
    Error: Vignette re-building failed.
    Execution halted
Flavor: r-patched-solaris-x86

Version: 0.2.0
Check: re-building of vignette outputs
Result: WARN
    Error(s) in re-building vignettes:
     ...
    --- re-building ‘gprofiler2.Rmd’ using rmarkdown
    Warning in engine$weave(file, quiet = quiet, encoding = enc) :
     Pandoc (>= 1.12.3) and/or pandoc-citeproc not available. Falling back to R Markdown v1.
    Quitting from lines 243-244 (gprofiler2.Rmd)
    Error: processing vignette 'gprofiler2.Rmd' failed with diagnostics:
    cannot open the connection
    --- failed re-building ‘gprofiler2.Rmd’
    
    SUMMARY: processing the following file failed:
     ‘gprofiler2.Rmd’
    
    Error: Vignette re-building failed.
    Execution halted
Flavors: r-release-macos-x86_64, r-oldrel-macos-x86_64