Last updated on 2020-12-01 00:46:43 CET.
Flavor | Version | Tinstall | Tcheck | Ttotal | Status | Flags |
---|---|---|---|---|---|---|
r-devel-linux-x86_64-debian-clang | 0.1.1 | 3.63 | 26.85 | 30.48 | OK | |
r-devel-linux-x86_64-debian-gcc | 0.1.1 | 3.11 | 20.20 | 23.31 | OK | |
r-devel-linux-x86_64-fedora-clang | 0.1.1 | 40.09 | NOTE | |||
r-devel-linux-x86_64-fedora-gcc | 0.1.1 | 38.60 | NOTE | |||
r-devel-windows-ix86+x86_64 | 0.1.1 | 6.00 | 40.00 | 46.00 | OK | |
r-patched-linux-x86_64 | 0.1.1 | 3.00 | 29.08 | 32.08 | OK | |
r-patched-solaris-x86 | 0.1.1 | 45.50 | NOTE | |||
r-release-linux-x86_64 | 0.1.1 | 3.20 | 26.57 | 29.77 | OK | |
r-release-macos-x86_64 | 0.1.1 | NOTE | ||||
r-release-windows-ix86+x86_64 | 0.1.1 | 6.00 | 45.00 | 51.00 | OK | |
r-oldrel-macos-x86_64 | 0.1.1 | NOTE | ||||
r-oldrel-windows-ix86+x86_64 | 0.1.1 | 3.00 | 37.00 | 40.00 | OK |
Version: 0.1.1
Check: dependencies in R code
Result: NOTE
Namespace in Imports field not imported from: ‘jsonlite’
All declared Imports should be used.
Flavors: r-devel-linux-x86_64-fedora-clang, r-devel-linux-x86_64-fedora-gcc, r-patched-solaris-x86, r-release-macos-x86_64, r-oldrel-macos-x86_64