Last updated on 2020-12-01 00:46:43 CET.
Flavor | Version | Tinstall | Tcheck | Ttotal | Status | Flags |
---|---|---|---|---|---|---|
r-devel-linux-x86_64-debian-clang | 0.6 | 6.80 | 93.60 | 100.40 | OK | |
r-devel-linux-x86_64-debian-gcc | 0.6 | 5.24 | 68.22 | 73.46 | OK | |
r-devel-linux-x86_64-fedora-clang | 0.6 | 120.03 | NOTE | |||
r-devel-linux-x86_64-fedora-gcc | 0.6 | 115.19 | NOTE | |||
r-devel-windows-ix86+x86_64 | 0.6 | 13.00 | 126.00 | 139.00 | OK | |
r-patched-linux-x86_64 | 0.6 | 6.19 | 94.73 | 100.92 | OK | |
r-patched-solaris-x86 | 0.6 | 167.20 | NOTE | |||
r-release-linux-x86_64 | 0.6 | 6.17 | 90.23 | 96.40 | OK | |
r-release-macos-x86_64 | 0.6 | NOTE | ||||
r-release-windows-ix86+x86_64 | 0.6 | 11.00 | 101.00 | 112.00 | OK | |
r-oldrel-macos-x86_64 | 0.6 | NOTE | ||||
r-oldrel-windows-ix86+x86_64 | 0.6 | 11.00 | 121.00 | 132.00 | OK |
Version: 0.6
Check: dependencies in R code
Result: NOTE
Namespace in Imports field not imported from: ‘BiasedUrn’
All declared Imports should be used.
Flavors: r-devel-linux-x86_64-fedora-clang, r-devel-linux-x86_64-fedora-gcc, r-patched-solaris-x86, r-release-macos-x86_64, r-oldrel-macos-x86_64