CRAN Package Check Results for Package groc

Last updated on 2020-12-01 00:46:43 CET.

Flavor Version Tinstall Tcheck Ttotal Status Flags
r-devel-linux-x86_64-debian-clang 1.0.7 13.80 87.64 101.44 NOTE
r-devel-linux-x86_64-debian-gcc 1.0.7 10.73 66.55 77.28 NOTE
r-devel-linux-x86_64-fedora-clang 1.0.7 126.15 NOTE
r-devel-linux-x86_64-fedora-gcc 1.0.7 114.35 NOTE
r-devel-windows-ix86+x86_64 1.0.7 27.00 151.00 178.00 OK
r-patched-linux-x86_64 1.0.7 14.75 85.87 100.62 NOTE
r-patched-solaris-x86 1.0.7 166.20 NOTE
r-release-linux-x86_64 1.0.7 14.73 84.11 98.84 NOTE
r-release-macos-x86_64 1.0.7 NOTE
r-release-windows-ix86+x86_64 1.0.7 22.00 117.00 139.00 OK
r-oldrel-macos-x86_64 1.0.7 OK
r-oldrel-windows-ix86+x86_64 1.0.7 20.00 147.00 167.00 OK

Additional issues

rchk

Check Details

Version: 1.0.7
Check: package dependencies
Result: NOTE
    Package suggested but not available for checking: 'ppls'
Flavors: r-devel-linux-x86_64-debian-clang, r-devel-linux-x86_64-debian-gcc, r-devel-linux-x86_64-fedora-clang, r-devel-linux-x86_64-fedora-gcc, r-patched-linux-x86_64, r-patched-solaris-x86, r-release-linux-x86_64, r-release-macos-x86_64