CRAN Package Check Results for Package hddtools

Last updated on 2020-12-01 00:46:43 CET.

Flavor Version Tinstall Tcheck Ttotal Status Flags
r-devel-linux-x86_64-debian-clang 0.9.1 17.91 140.43 158.34 OK
r-devel-linux-x86_64-debian-gcc 0.9.1 12.94 108.56 121.50 OK
r-devel-linux-x86_64-fedora-clang 0.9.1 192.68 OK
r-devel-linux-x86_64-fedora-gcc 0.9.1 195.72 OK
r-devel-windows-ix86+x86_64 0.9.1 31.00 149.00 180.00 OK
r-patched-linux-x86_64 0.9.1 16.88 139.91 156.79 OK
r-patched-solaris-x86 0.9.1 273.40 OK
r-release-linux-x86_64 0.9.1 14.34 134.31 148.65 WARN
r-release-macos-x86_64 0.9.1 OK
r-release-windows-ix86+x86_64 0.9.1 22.00 149.00 171.00 OK
r-oldrel-macos-x86_64 0.9.1 OK
r-oldrel-windows-ix86+x86_64 0.9.1 28.00 175.00 203.00 OK

Check Details

Version: 0.9.1
Check: re-building of vignette outputs
Result: WARN
    Error(s) in re-building vignettes:
     ...
    --- re-building ‘hddtools_vignette.Rmd’ using rmarkdown
    Loading required package: rgdal
    Loading required package: sp
    rgdal: version: 1.5-18, (SVN revision 1082)
    Geospatial Data Abstraction Library extensions to R successfully loaded
    Loaded GDAL runtime: GDAL 3.1.4, released 2020/10/20
    Path to GDAL shared files: /usr/share/gdal
    GDAL binary built with GEOS: TRUE
    Loaded PROJ runtime: Rel. 7.2.0, November 1st, 2020, [PJ_VERSION: 720]
    Path to PROJ shared files: /home/hornik/.local/share/proj:/usr/share/proj
    PROJ CDN enabled: FALSE
    Linking to sp version:1.4-4
    To mute warnings of possible GDAL/OSR exportToProj4() degradation,
    use options("rgdal_show_exportToProj4_warnings"="none") before loading rgdal.
    
    Attaching package: 'dplyr'
    
    The following objects are masked from 'package:stats':
    
     filter, lag
    
    The following objects are masked from 'package:base':
    
     intersect, setdiff, setequal, union
    
    Quitting from lines 210-212 (hddtools_vignette.Rmd)
    Error: processing vignette 'hddtools_vignette.Rmd' failed with diagnostics:
    cannot open the connection to 'https://www2.sepa.org.uk/waterlevels/CSVs/SEPA_River_Levels_Web.csv'
    --- failed re-building ‘hddtools_vignette.Rmd’
    
    SUMMARY: processing the following file failed:
     ‘hddtools_vignette.Rmd’
    
    Error: Vignette re-building failed.
    Execution halted
Flavor: r-release-linux-x86_64