CRAN Package Check Results for Package helminthR

Last updated on 2020-12-01 00:46:43 CET.

Flavor Version Tinstall Tcheck Ttotal Status Flags
r-devel-linux-x86_64-debian-clang 1.0.7 4.03 36.15 40.18 OK
r-devel-linux-x86_64-debian-gcc 1.0.7 3.23 29.85 33.08 OK
r-devel-linux-x86_64-fedora-clang 1.0.7 55.26 NOTE
r-devel-linux-x86_64-fedora-gcc 1.0.7 49.66 NOTE
r-devel-windows-ix86+x86_64 1.0.7 8.00 47.00 55.00 OK
r-patched-linux-x86_64 1.0.7 3.95 40.50 44.45 OK
r-patched-solaris-x86 1.0.7 72.40 NOTE
r-release-linux-x86_64 1.0.7 3.92 38.75 42.67 OK
r-release-macos-x86_64 1.0.7 NOTE
r-release-windows-ix86+x86_64 1.0.7 5.00 47.00 52.00 OK
r-oldrel-macos-x86_64 1.0.7 NOTE
r-oldrel-windows-ix86+x86_64 1.0.7 5.00 60.00 65.00 OK

Check Details

Version: 1.0.7
Check: dependencies in R code
Result: NOTE
    Namespaces in Imports field not imported from:
     ‘knitr’ ‘rmarkdown’
     All declared Imports should be used.
Flavors: r-devel-linux-x86_64-fedora-clang, r-devel-linux-x86_64-fedora-gcc, r-patched-solaris-x86, r-release-macos-x86_64, r-oldrel-macos-x86_64