CRAN Package Check Results for Package htmltools

Last updated on 2020-12-01 00:46:43 CET.

Flavor Version Tinstall Tcheck Ttotal Status Flags
r-devel-linux-x86_64-debian-clang 0.5.0 6.76 35.88 42.64 OK
r-devel-linux-x86_64-debian-gcc 0.5.0 4.67 29.91 34.58 OK
r-devel-linux-x86_64-fedora-clang 0.5.0 57.78 NOTE
r-devel-linux-x86_64-fedora-gcc 0.5.0 49.08 OK
r-devel-windows-ix86+x86_64 0.5.0 17.00 64.00 81.00 OK
r-patched-linux-x86_64 0.5.0 6.75 39.81 46.56 OK
r-patched-solaris-x86 0.5.0 69.00 OK
r-release-linux-x86_64 0.5.0 7.19 35.70 42.89 OK
r-release-macos-x86_64 0.5.0 OK
r-release-windows-ix86+x86_64 0.5.0 14.00 52.00 66.00 OK
r-oldrel-macos-x86_64 0.5.0 OK
r-oldrel-windows-ix86+x86_64 0.5.0 8.00 61.00 69.00 OK

Check Details

Version: 0.5.0
Check: Rd cross-references
Result: NOTE
    Undeclared package ‘shiny’ in Rd xrefs
Flavor: r-devel-linux-x86_64-fedora-clang