Last updated on 2020-12-01 00:46:43 CET.
Flavor | Version | Tinstall | Tcheck | Ttotal | Status | Flags |
---|---|---|---|---|---|---|
r-devel-linux-x86_64-debian-clang | 1.0 | 7.88 | 59.82 | 67.70 | OK | |
r-devel-linux-x86_64-debian-gcc | 1.0 | 5.18 | 47.08 | 52.26 | OK | |
r-devel-linux-x86_64-fedora-clang | 1.0 | 84.83 | OK | |||
r-devel-linux-x86_64-fedora-gcc | 1.0 | 76.08 | OK | |||
r-devel-windows-ix86+x86_64 | 1.0 | 13.00 | 76.00 | 89.00 | OK | |
r-patched-linux-x86_64 | 1.0 | 5.26 | 61.98 | 67.24 | OK | |
r-patched-solaris-x86 | 1.0 | 94.30 | WARN | |||
r-release-linux-x86_64 | 1.0 | 5.99 | 58.09 | 64.08 | OK | |
r-release-macos-x86_64 | 1.0 | OK | ||||
r-release-windows-ix86+x86_64 | 1.0 | 11.00 | 57.00 | 68.00 | OK | |
r-oldrel-macos-x86_64 | 1.0 | OK | ||||
r-oldrel-windows-ix86+x86_64 | 1.0 | 11.00 | 93.00 | 104.00 | OK |
Version: 1.0
Check: re-building of vignette outputs
Result: WARN
Error(s) in re-building vignettes:
...
--- re-building ‘hyperoverlap-vignette.Rmd’ using rmarkdown
Warning in engine$weave(file, quiet = quiet, encoding = enc) :
Pandoc (>= 1.12.3) and/or pandoc-citeproc not available. Falling back to R Markdown v1.
Loading required namespace: rmarkdown
PhantomJS not found. You can install it with webshot::install_phantomjs(). If it is installed, please make sure the phantomjs executable can be found via the PATH variable.
Warning in normalizePath(f2) :
path[1]="webshot2f553d732ada.png": No such file or directory
Warning in file(con, "rb") :
cannot open file 'webshot2f553d732ada.png': No such file or directory
Quitting from lines 51-58 (hyperoverlap-vignette.Rmd)
Error: processing vignette 'hyperoverlap-vignette.Rmd' failed with diagnostics:
cannot open the connection
--- failed re-building ‘hyperoverlap-vignette.Rmd’
SUMMARY: processing the following file failed:
‘hyperoverlap-vignette.Rmd’
Error: Vignette re-building failed.
Execution halted
Flavor: r-patched-solaris-x86