Last updated on 2020-12-01 00:46:44 CET.
Flavor | Version | Tinstall | Tcheck | Ttotal | Status | Flags |
---|---|---|---|---|---|---|
r-devel-linux-x86_64-debian-clang | 0.0.2 | 4.97 | 43.30 | 48.27 | OK | |
r-devel-linux-x86_64-debian-gcc | 0.0.2 | 3.69 | 36.09 | 39.78 | OK | |
r-devel-linux-x86_64-fedora-clang | 0.0.2 | 60.68 | NOTE | |||
r-devel-linux-x86_64-fedora-gcc | 0.0.2 | 53.15 | NOTE | |||
r-devel-windows-ix86+x86_64 | 0.0.2 | 9.00 | 57.00 | 66.00 | OK | |
r-patched-linux-x86_64 | 0.0.2 | 4.41 | 44.50 | 48.91 | OK | |
r-patched-solaris-x86 | 0.0.2 | 76.70 | NOTE | |||
r-release-linux-x86_64 | 0.0.2 | 4.45 | 40.49 | 44.94 | OK | |
r-release-macos-x86_64 | 0.0.2 | NOTE | ||||
r-release-windows-ix86+x86_64 | 0.0.2 | 7.00 | 50.00 | 57.00 | OK | |
r-oldrel-macos-x86_64 | 0.0.2 | NOTE | ||||
r-oldrel-windows-ix86+x86_64 | 0.0.2 | 7.00 | 62.00 | 69.00 | OK |
Version: 0.0.2
Check: data for non-ASCII characters
Result: NOTE
Note: found 26215 marked UTF-8 strings
Flavors: r-devel-linux-x86_64-fedora-clang, r-devel-linux-x86_64-fedora-gcc, r-patched-solaris-x86, r-release-macos-x86_64, r-oldrel-macos-x86_64