CRAN Package Check Results for Package idefix

Last updated on 2020-12-01 00:46:44 CET.

Flavor Version Tinstall Tcheck Ttotal Status Flags
r-devel-linux-x86_64-debian-clang 1.0.1 63.16 61.76 124.92 OK
r-devel-linux-x86_64-debian-gcc 1.0.1 50.60 48.39 98.99 OK
r-devel-linux-x86_64-fedora-clang 1.0.1 148.14 NOTE
r-devel-linux-x86_64-fedora-gcc 1.0.1 131.47 OK
r-devel-windows-ix86+x86_64 1.0.1 114.00 107.00 221.00 OK
r-patched-linux-x86_64 1.0.1 59.86 64.78 124.64 OK
r-patched-solaris-x86 1.0.1 134.50 OK
r-release-linux-x86_64 0.4.3 61.25 59.64 120.89 OK
r-release-macos-x86_64 1.0.1 OK
r-release-windows-ix86+x86_64 0.4.3 94.00 102.00 196.00 OK
r-oldrel-macos-x86_64 1.0.1 OK
r-oldrel-windows-ix86+x86_64 1.0.1 73.00 94.00 167.00 OK

Check Details

Version: 1.0.1
Check: Rd cross-references
Result: NOTE
    Undeclared packages ‘bayesm’, ‘ChoiceModelR’, ‘RSGHB’ in Rd xrefs
Flavor: r-devel-linux-x86_64-fedora-clang