Last updated on 2020-12-01 00:46:44 CET.
Flavor | Version | Tinstall | Tcheck | Ttotal | Status | Flags |
---|---|---|---|---|---|---|
r-devel-linux-x86_64-debian-clang | 1.1-12 | 24.44 | 194.28 | 218.72 | OK | |
r-devel-linux-x86_64-debian-gcc | 1.1-12 | 15.28 | 147.61 | 162.89 | OK | |
r-devel-linux-x86_64-fedora-clang | 1.1-12 | 270.42 | OK | |||
r-devel-linux-x86_64-fedora-gcc | 1.1-12 | 263.76 | OK | |||
r-devel-windows-ix86+x86_64 | 1.1-12 | 40.00 | 162.00 | 202.00 | OK | |
r-patched-linux-x86_64 | 1.1-12 | 17.88 | 189.25 | 207.13 | OK | |
r-patched-solaris-x86 | 1.1-12 | 369.20 | OK | |||
r-release-linux-x86_64 | 1.1-12 | 19.31 | 181.82 | 201.13 | OK | |
r-release-macos-x86_64 | 1.1-12 | OK | ||||
r-release-windows-ix86+x86_64 | 1.1-12 | 26.00 | 166.00 | 192.00 | OK | |
r-oldrel-macos-x86_64 | 1.1-12 | OK | ||||
r-oldrel-windows-ix86+x86_64 | 1.1-12 | 19.00 | 6.00 | 25.00 | ERROR |
Version: 1.1-12
Check: whether package can be installed
Result: ERROR
Installation failed.
Flavor: r-oldrel-windows-ix86+x86_64