Last updated on 2020-12-01 00:46:44 CET.
Flavor | Version | Tinstall | Tcheck | Ttotal | Status | Flags |
---|---|---|---|---|---|---|
r-devel-linux-x86_64-debian-clang | 0.7.3 | 104.89 | 87.59 | 192.48 | OK | |
r-devel-linux-x86_64-debian-gcc | 0.7.3 | 93.81 | 70.57 | 164.38 | OK | |
r-devel-linux-x86_64-fedora-clang | 0.7.3 | 225.12 | NOTE | |||
r-devel-linux-x86_64-fedora-gcc | 0.7.3 | 203.69 | OK | |||
r-devel-windows-ix86+x86_64 | 0.7.3 | 171.00 | 131.00 | 302.00 | OK | |
r-patched-linux-x86_64 | 0.7.3 | 112.09 | 91.89 | 203.98 | OK | |
r-patched-solaris-x86 | 0.7.3 | 201.00 | OK | |||
r-release-linux-x86_64 | 0.7.3 | 114.68 | 84.76 | 199.44 | OK | |
r-release-macos-x86_64 | 0.7.3 | NOTE | ||||
r-release-windows-ix86+x86_64 | 0.7.3 | 124.00 | 126.00 | 250.00 | OK | |
r-oldrel-macos-x86_64 | 0.7.3 | NOTE | ||||
r-oldrel-windows-ix86+x86_64 | 0.7.3 | 153.00 | 140.00 | 293.00 | OK |
Version: 0.7.3
Check: installed package size
Result: NOTE
installed size is 9.0Mb
sub-directories of 1Mb or more:
libs 7.7Mb
Flavors: r-devel-linux-x86_64-fedora-clang, r-release-macos-x86_64, r-oldrel-macos-x86_64