Last updated on 2020-12-01 00:46:44 CET.
Flavor | Version | Tinstall | Tcheck | Ttotal | Status | Flags |
---|---|---|---|---|---|---|
r-devel-linux-x86_64-debian-clang | 0.2.6 | 10.99 | 114.08 | 125.07 | OK | |
r-devel-linux-x86_64-debian-gcc | 0.2.6 | 8.24 | 87.22 | 95.46 | OK | |
r-devel-linux-x86_64-fedora-clang | 0.2.6 | 150.05 | OK | |||
r-devel-linux-x86_64-fedora-gcc | 0.2.6 | 143.60 | OK | |||
r-devel-windows-ix86+x86_64 | 0.2.6 | 20.00 | 103.00 | 123.00 | OK | |
r-patched-linux-x86_64 | 0.2.6 | 10.86 | 111.58 | 122.44 | OK | |
r-patched-solaris-x86 | 0.2.6 | 192.60 | OK | |||
r-release-linux-x86_64 | 0.2.6 | 10.95 | 102.84 | 113.79 | OK | |
r-release-macos-x86_64 | 0.2.6 | OK | ||||
r-release-windows-ix86+x86_64 | 0.2.6 | 20.00 | 104.00 | 124.00 | OK | |
r-oldrel-macos-x86_64 | 0.2.6 | OK | ||||
r-oldrel-windows-ix86+x86_64 | 0.2.6 | 14.00 | 105.00 | 119.00 | WARN |
Version: 0.2.6
Check: re-building of vignette outputs
Result: WARN
Error(s) in re-building vignettes:
--- re-building 'isocat.Rmd' using rmarkdown
Quitting from lines 16-33 (isocat.Rmd)
Error: processing vignette 'isocat.Rmd' failed with diagnostics:
package 'lattice' 0.20.38 was found, but >= 0.20.41 is required by 'rasterVis'
--- failed re-building 'isocat.Rmd'
SUMMARY: processing the following file failed:
'isocat.Rmd'
Error: Vignette re-building failed.
Execution halted
Flavor: r-oldrel-windows-ix86+x86_64