CRAN Package Check Results for Package kde1d

Last updated on 2020-12-01 00:46:45 CET.

Flavor Version Tinstall Tcheck Ttotal Status Flags
r-devel-linux-x86_64-debian-clang 1.0.3 63.40 33.40 96.80 OK
r-devel-linux-x86_64-debian-gcc 1.0.3 65.89 26.53 92.42 OK
r-devel-linux-x86_64-fedora-clang 1.0.3 116.52 NOTE
r-devel-linux-x86_64-fedora-gcc 1.0.3 100.43 OK
r-devel-windows-ix86+x86_64 1.0.3 101.00 63.00 164.00 OK
r-patched-linux-x86_64 1.0.3 100.97 34.82 135.79 OK
r-patched-solaris-x86 1.0.3 98.40 OK
r-release-linux-x86_64 1.0.3 102.84 32.72 135.56 OK
r-release-macos-x86_64 1.0.3 NOTE
r-release-windows-ix86+x86_64 1.0.3 99.00 60.00 159.00 OK
r-oldrel-macos-x86_64 1.0.3 NOTE
r-oldrel-windows-ix86+x86_64 1.0.3 75.00 67.00 142.00 OK

Check Details

Version: 1.0.3
Check: installed package size
Result: NOTE
     installed size is 14.4Mb
     sub-directories of 1Mb or more:
     libs 14.2Mb
Flavors: r-devel-linux-x86_64-fedora-clang, r-release-macos-x86_64, r-oldrel-macos-x86_64