CRAN Package Check Results for Package kerastuneR

Last updated on 2020-12-01 00:46:45 CET.

Flavor Version Tinstall Tcheck Ttotal Status Flags
r-devel-linux-x86_64-debian-clang 0.1.0.3 14.76 105.07 119.83 OK
r-devel-linux-x86_64-debian-gcc 0.1.0.3 10.41 79.09 89.50 OK
r-devel-linux-x86_64-fedora-clang 0.1.0.3 148.87 NOTE
r-devel-linux-x86_64-fedora-gcc 0.1.0.3 137.42 NOTE
r-devel-windows-ix86+x86_64 0.1.0.3 28.00 94.00 122.00 OK
r-patched-linux-x86_64 0.1.0.3 12.43 100.69 113.12 OK
r-patched-solaris-x86 0.1.0.3 191.90 NOTE
r-release-linux-x86_64 0.1.0.3 13.81 97.15 110.96 OK
r-release-macos-x86_64 0.1.0.3 NOTE
r-release-windows-ix86+x86_64 0.1.0.3 19.00 99.00 118.00 OK
r-oldrel-macos-x86_64 0.1.0.3 NOTE
r-oldrel-windows-ix86+x86_64 0.1.0.3 26.00 118.00 144.00 OK

Check Details

Version: 0.1.0.3
Check: dependencies in R code
Result: NOTE
    Namespace in Imports field not imported from: ‘keras’
     All declared Imports should be used.
Flavors: r-devel-linux-x86_64-fedora-clang, r-devel-linux-x86_64-fedora-gcc, r-patched-solaris-x86, r-release-macos-x86_64, r-oldrel-macos-x86_64