Last updated on 2020-12-01 00:46:45 CET.
Flavor | Version | Tinstall | Tcheck | Ttotal | Status | Flags |
---|---|---|---|---|---|---|
r-devel-linux-x86_64-debian-clang | 0.1.1 | 9.44 | 58.63 | 68.07 | OK | |
r-devel-linux-x86_64-debian-gcc | 0.1.1 | 6.97 | 43.63 | 50.60 | OK | |
r-devel-linux-x86_64-fedora-clang | 0.1.1 | 85.84 | NOTE | |||
r-devel-linux-x86_64-fedora-gcc | 0.1.1 | 74.14 | NOTE | |||
r-devel-windows-ix86+x86_64 | 0.1.1 | 17.00 | 59.00 | 76.00 | OK | |
r-patched-linux-x86_64 | 0.1.1 | 8.75 | 57.68 | 66.43 | OK | |
r-patched-solaris-x86 | 0.1.1 | 105.50 | NOTE | |||
r-release-linux-x86_64 | 0.1.1 | 8.34 | 58.60 | 66.94 | OK | |
r-release-macos-x86_64 | 0.1.1 | NOTE | ||||
r-release-windows-ix86+x86_64 | 0.1.1 | 12.00 | 57.00 | 69.00 | OK | |
r-oldrel-macos-x86_64 | 0.1.1 | NOTE | ||||
r-oldrel-windows-ix86+x86_64 | 0.1.1 | 16.00 | 74.00 | 90.00 | OK |
Version: 0.1.1
Check: dependencies in R code
Result: NOTE
Namespace in Imports field not imported from: ‘leaflet’
All declared Imports should be used.
Flavors: r-devel-linux-x86_64-fedora-clang, r-devel-linux-x86_64-fedora-gcc, r-patched-solaris-x86, r-release-macos-x86_64, r-oldrel-macos-x86_64
Version: 0.1.1
Check: data for non-ASCII characters
Result: NOTE
Note: found 95 marked UTF-8 strings
Flavors: r-devel-linux-x86_64-fedora-clang, r-devel-linux-x86_64-fedora-gcc, r-patched-solaris-x86, r-release-macos-x86_64, r-oldrel-macos-x86_64