Last updated on 2020-12-01 00:46:45 CET.
Flavor | Version | Tinstall | Tcheck | Ttotal | Status | Flags |
---|---|---|---|---|---|---|
r-devel-linux-x86_64-debian-clang | 0.20-41 | 23.39 | 138.22 | 161.61 | OK | |
r-devel-linux-x86_64-debian-gcc | 0.20-41 | 14.14 | 103.45 | 117.59 | OK | |
r-devel-linux-x86_64-fedora-clang | 0.20-41 | 191.99 | NOTE | |||
r-devel-linux-x86_64-fedora-gcc | 0.20-41 | 188.17 | OK | |||
r-devel-windows-ix86+x86_64 | 0.20-41 | 32.00 | 162.00 | 194.00 | OK | |
r-patched-linux-x86_64 | 0.20-41 | 22.33 | 133.43 | 155.76 | OK | |
r-patched-solaris-x86 | 0.20-41 | OK | ||||
r-release-linux-x86_64 | 0.20-41 | 23.06 | 134.15 | 157.21 | OK | |
r-release-macos-x86_64 | 0.20-41 | OK | ||||
r-release-windows-ix86+x86_64 | 0.20-41 | 33.00 | 164.00 | 197.00 | OK | |
r-oldrel-macos-x86_64 | 0.20-41 | OK | ||||
r-oldrel-windows-ix86+x86_64 | 0.20-41 | 25.00 | 222.00 | 247.00 | OK |
Version: 0.20-41
Check: Rd cross-references
Result: NOTE
Undeclared package ‘zoo’ in Rd xrefs
Flavor: r-devel-linux-x86_64-fedora-clang