CRAN Package Check Results for Package latticeExtra

Last updated on 2020-12-01 00:46:45 CET.

Flavor Version Tinstall Tcheck Ttotal Status Flags
r-devel-linux-x86_64-debian-clang 0.6-29 8.79 82.78 91.57 OK
r-devel-linux-x86_64-debian-gcc 0.6-29 5.84 63.34 69.18 OK
r-devel-linux-x86_64-fedora-clang 0.6-29 111.91 NOTE
r-devel-linux-x86_64-fedora-gcc 0.6-29 105.85 OK
r-devel-windows-ix86+x86_64 0.6-29 13.00 80.00 93.00 OK
r-patched-linux-x86_64 0.6-29 9.17 84.47 93.64 OK
r-patched-solaris-x86 0.6-29 143.10 OK
r-release-linux-x86_64 0.6-29 8.80 81.91 90.71 OK
r-release-macos-x86_64 0.6-29 OK
r-release-windows-ix86+x86_64 0.6-29 13.00 78.00 91.00 OK
r-oldrel-macos-x86_64 0.6-29 OK
r-oldrel-windows-ix86+x86_64 0.6-29 10.00 113.00 123.00 OK

Check Details

Version: 0.6-29
Check: Rd cross-references
Result: NOTE
    Undeclared package ‘ggplot2’ in Rd xrefs
Flavor: r-devel-linux-x86_64-fedora-clang