Last updated on 2020-12-01 00:46:45 CET.
Flavor | Version | Tinstall | Tcheck | Ttotal | Status | Flags |
---|---|---|---|---|---|---|
r-devel-linux-x86_64-debian-clang | 2.4.4 | 18.26 | 84.89 | 103.15 | NOTE | |
r-devel-linux-x86_64-debian-gcc | 2.4.4 | 10.72 | 65.18 | 75.90 | NOTE | |
r-devel-linux-x86_64-fedora-clang | 2.4.4 | 120.99 | NOTE | |||
r-devel-linux-x86_64-fedora-gcc | 2.4.4 | 114.32 | NOTE | |||
r-devel-windows-ix86+x86_64 | 2.4.4 | 26.00 | 72.00 | 98.00 | NOTE | |
r-patched-linux-x86_64 | 2.4.4 | 12.51 | 85.01 | 97.52 | NOTE | |
r-patched-solaris-x86 | 2.4.4 | 144.20 | NOTE | |||
r-release-linux-x86_64 | 2.4.4 | 12.80 | 80.67 | 93.47 | NOTE | |
r-release-macos-x86_64 | 2.4.4 | NOTE | ||||
r-release-windows-ix86+x86_64 | 2.4.4 | 24.00 | 84.00 | 108.00 | NOTE | |
r-oldrel-macos-x86_64 | 2.4.4 | WARN | ||||
r-oldrel-windows-ix86+x86_64 | 2.4.4 | 17.00 | 89.00 | 106.00 | NOTE |
Version: 2.4.4
Check: R code for possible problems
Result: NOTE
plotcorr.lba.3d: warning in pch3d(colcoordi[, dim], pch = pch.budget,
col = col.budget, ...): partial argument match of 'col' to 'color'
Flavors: r-devel-linux-x86_64-debian-clang, r-devel-linux-x86_64-debian-gcc, r-devel-linux-x86_64-fedora-clang, r-devel-linux-x86_64-fedora-gcc, r-devel-windows-ix86+x86_64, r-patched-linux-x86_64, r-patched-solaris-x86, r-release-linux-x86_64, r-release-macos-x86_64, r-release-windows-ix86+x86_64, r-oldrel-macos-x86_64, r-oldrel-windows-ix86+x86_64
Version: 2.4.4
Check: whether package can be installed
Result: WARN
Found the following significant warnings:
Warning: 'rgl_init' failed, running with rgl.useNULL = TRUE
Flavor: r-oldrel-macos-x86_64