CRAN Package Check Results for Package leaflet.multiopacity

Last updated on 2020-12-01 00:46:45 CET.

Flavor Version Tinstall Tcheck Ttotal Status Flags
r-devel-linux-x86_64-fedora-clang 0.1.0 51.42 OK
r-devel-linux-x86_64-fedora-gcc 0.1.0 43.31 OK
r-patched-solaris-x86 0.1.0 59.20 WARN

Check Details

Version: 0.1.0
Check: re-building of vignette outputs
Result: WARN
    Error(s) in re-building vignettes:
     ...
    --- re-building ‘usage-leaflet.Rmd’ using rmarkdown
    Warning in engine$weave(file, quiet = quiet, encoding = enc) :
     Pandoc (>= 1.12.3) and/or pandoc-citeproc not available. Falling back to R Markdown v1.
    Loading required package: sp
    Quitting from lines 32-38 (usage-leaflet.Rmd)
    Error: processing vignette 'usage-leaflet.Rmd' failed with diagnostics:
    there is no package called 'webshot'
    --- failed re-building ‘usage-leaflet.Rmd’
    
    --- re-building ‘usage-leafletProxy.Rmd’ using rmarkdown
    Warning in engine$weave(file, quiet = quiet, encoding = enc) :
     Pandoc (>= 1.12.3) and/or pandoc-citeproc not available. Falling back to R Markdown v1.
    --- finished re-building ‘usage-leafletProxy.Rmd’
    
    SUMMARY: processing the following file failed:
     ‘usage-leaflet.Rmd’
    
    Error: Vignette re-building failed.
    Execution halted
Flavor: r-patched-solaris-x86