Last updated on 2020-12-01 00:46:45 CET.
Flavor | Version | Tinstall | Tcheck | Ttotal | Status | Flags |
---|---|---|---|---|---|---|
r-devel-linux-x86_64-debian-clang | 1.0.3 | 34.25 | 268.85 | 303.10 | OK | |
r-devel-linux-x86_64-debian-gcc | 1.0.3 | 21.20 | 200.57 | 221.77 | OK | |
r-devel-linux-x86_64-fedora-clang | 1.0.3 | 380.80 | OK | |||
r-devel-linux-x86_64-fedora-gcc | 1.0.3 | 355.91 | OK | |||
r-devel-windows-ix86+x86_64 | 1.0.3 | 55.00 | 232.00 | 287.00 | OK | |
r-patched-linux-x86_64 | 1.0.3 | 28.77 | 260.92 | 289.69 | OK | |
r-patched-solaris-x86 | 1.0.3 | 512.80 | OK | |||
r-release-linux-x86_64 | 1.0.3 | 25.74 | 260.40 | 286.14 | OK | |
r-release-macos-x86_64 | 1.0.3 | OK | ||||
r-release-windows-ix86+x86_64 | 1.0.3 | 58.00 | 243.00 | 301.00 | OK | |
r-oldrel-macos-x86_64 | 1.0.3 | OK | ||||
r-oldrel-windows-ix86+x86_64 | 1.0.3 | 2.00 | 8.00 | 10.00 | ERROR |
Version: 1.0.3
Check: whether package can be installed
Result: ERROR
Installation failed.
Flavor: r-oldrel-windows-ix86+x86_64