CRAN Package Check Results for Package lightr

Last updated on 2020-12-01 00:46:45 CET.

Flavor Version Tinstall Tcheck Ttotal Status Flags
r-devel-linux-x86_64-debian-clang 1.3 5.13 78.76 83.89 OK
r-devel-linux-x86_64-debian-gcc 1.3 3.88 62.75 66.63 OK
r-devel-linux-x86_64-fedora-clang 1.3 107.15 NOTE
r-devel-linux-x86_64-fedora-gcc 1.3 98.88 OK
r-devel-windows-ix86+x86_64 1.3 8.00 78.00 86.00 OK
r-patched-linux-x86_64 1.3 5.03 83.83 88.86 OK
r-patched-solaris-x86 1.3 140.60 OK
r-release-linux-x86_64 1.3 6.07 83.05 89.12 OK
r-release-macos-x86_64 1.3 OK
r-release-windows-ix86+x86_64 1.3 9.00 81.00 90.00 OK
r-oldrel-macos-x86_64 1.3 OK
r-oldrel-windows-ix86+x86_64 1.3 6.00 81.00 87.00 OK

Check Details

Version: 1.3
Check: Rd cross-references
Result: NOTE
    Undeclared package ‘future’ in Rd xrefs
Flavor: r-devel-linux-x86_64-fedora-clang