Last updated on 2020-12-01 00:46:46 CET.
Flavor | Version | Tinstall | Tcheck | Ttotal | Status | Flags |
---|---|---|---|---|---|---|
r-devel-linux-x86_64-debian-clang | 1.1 | 3.99 | 29.19 | 33.18 | OK | |
r-devel-linux-x86_64-debian-gcc | 1.1 | 3.11 | 23.37 | 26.48 | OK | |
r-devel-linux-x86_64-fedora-clang | 1.1 | 47.82 | NOTE | |||
r-devel-linux-x86_64-fedora-gcc | 1.1 | 36.61 | NOTE | |||
r-devel-windows-ix86+x86_64 | 1.1 | 9.00 | 47.00 | 56.00 | OK | |
r-patched-linux-x86_64 | 1.1 | 4.87 | 32.75 | 37.62 | OK | |
r-patched-solaris-x86 | 1.1 | 60.60 | OK | |||
r-release-linux-x86_64 | 1.1 | 4.88 | 32.73 | 37.61 | OK | |
r-release-macos-x86_64 | 1.1 | OK | ||||
r-release-windows-ix86+x86_64 | 1.1 | 9.00 | 47.00 | 56.00 | OK | |
r-oldrel-macos-x86_64 | 1.1 | OK | ||||
r-oldrel-windows-ix86+x86_64 | 1.1 | 7.00 | 55.00 | 62.00 | OK |
Version: 1.1
Check: compiled code
Result: NOTE
File ‘loe/libs/loe.so’:
Found no calls to: ‘R_registerRoutines’, ‘R_useDynamicSymbols’
It is good practice to register native routines and to disable symbol
search.
See ‘Writing portable packages’ in the ‘Writing R Extensions’ manual.
Flavors: r-devel-linux-x86_64-fedora-clang, r-devel-linux-x86_64-fedora-gcc