Last updated on 2020-12-01 00:46:46 CET.
Flavor | Version | Tinstall | Tcheck | Ttotal | Status | Flags |
---|---|---|---|---|---|---|
r-devel-linux-x86_64-debian-clang | 0.1.9 | 179.76 | 198.30 | 378.06 | OK | |
r-devel-linux-x86_64-debian-gcc | 0.1.9 | 158.30 | 143.19 | 301.49 | OK | |
r-devel-linux-x86_64-fedora-clang | 0.1.9 | 432.26 | NOTE | |||
r-devel-linux-x86_64-fedora-gcc | 0.1.9 | 404.23 | OK | |||
r-devel-windows-ix86+x86_64 | 0.1.9 | 325.00 | 430.00 | 755.00 | OK | |
r-patched-linux-x86_64 | 0.1.9 | 182.57 | 195.76 | 378.33 | OK | |
r-patched-solaris-x86 | 0.1.9 | 656.80 | OK | |||
r-release-linux-x86_64 | 0.1.9 | 192.02 | 194.15 | 386.17 | OK | |
r-release-macos-x86_64 | 0.1.9 | OK | ||||
r-release-windows-ix86+x86_64 | 0.1.9 | 235.00 | 442.00 | 677.00 | OK | |
r-oldrel-macos-x86_64 | 0.1.9 | OK | ||||
r-oldrel-windows-ix86+x86_64 | 0.1.9 | 250.00 | 560.00 | 810.00 | OK |
Version: 0.1.9
Check: installed package size
Result: NOTE
installed size is 6.4Mb
sub-directories of 1Mb or more:
libs 4.9Mb
Flavor: r-devel-linux-x86_64-fedora-clang