CRAN Package Check Results for Package lvnet

Last updated on 2020-12-01 00:46:46 CET.

Flavor Version Tinstall Tcheck Ttotal Status Flags
r-devel-linux-x86_64-debian-clang 0.3.5 14.40 155.51 169.91 OK
r-devel-linux-x86_64-debian-gcc 0.3.5 15.49 117.46 132.95 OK
r-devel-linux-x86_64-fedora-clang 0.3.5 214.88 OK
r-devel-linux-x86_64-fedora-gcc 0.3.5 204.00 OK
r-devel-windows-ix86+x86_64 0.3.5 47.00 128.00 175.00 OK
r-patched-linux-x86_64 0.3.5 1.10 6.75 7.85 ERROR
r-patched-solaris-x86 0.3.5 299.80 ERROR
r-release-linux-x86_64 0.3.5 13.30 147.08 160.38 OK
r-release-macos-x86_64 0.3.5 OK
r-release-windows-ix86+x86_64 0.3.5 34.00 134.00 168.00 OK
r-oldrel-macos-x86_64 0.3.5 OK
r-oldrel-windows-ix86+x86_64 0.3.5 40.00 124.00 164.00 OK

Check Details

Version: 0.3.5
Check: package dependencies
Result: ERROR
    Packages required but not available: 'OpenMx', 'semPlot'
    
    See section ‘The DESCRIPTION file’ in the ‘Writing R Extensions’
    manual.
Flavor: r-patched-linux-x86_64

Version: 0.3.5
Check: examples
Result: ERROR
    Running examples in ‘lvnet-Ex.R’ failed
    The error most likely occurred in:
    
    > ### Name: lvnet
    > ### Title: Confirmatory Latent Variable Network Models
    > ### Aliases: lvnet
    >
    > ### ** Examples
    >
    > # Load dataset:
    > library("lavaan")
    This is lavaan 0.6-7
    lavaan is BETA software! Please report any bugs.
    
    Attaching package: ‘lavaan’
    
    The following object is masked from ‘package:OpenMx’:
    
     vech
    
    > data(HolzingerSwineford1939)
    > Data <- HolzingerSwineford1939[,7:15]
    >
    > # Measurement model:
    > Lambda <- matrix(0, 9, 3)
    > Lambda[1:3,1] <- NA
    > Lambda[4:6,2] <- NA
    > Lambda[7:9,3] <- NA
    >
    > # Fit CFA model:
    > CFA <- lvnet(Data, lambda = Lambda)
    Error: C stack usage 330011796 is too close to the limit
    Error: The job for model 'model' exited abnormally with the error message: User interrupt
    Execution halted
Flavor: r-patched-solaris-x86