Last updated on 2020-12-01 00:46:46 CET.
Flavor | Version | Tinstall | Tcheck | Ttotal | Status | Flags |
---|---|---|---|---|---|---|
r-devel-linux-x86_64-debian-clang | 0.8.5-2 | 228.29 | 312.33 | 540.62 | NOTE | |
r-devel-linux-x86_64-debian-gcc | 0.8.5-2 | 223.62 | 226.46 | 450.08 | NOTE | |
r-devel-linux-x86_64-fedora-clang | 0.8.5-2 | 631.96 | NOTE | |||
r-devel-linux-x86_64-fedora-gcc | 0.8.5-2 | 595.21 | NOTE | |||
r-devel-windows-ix86+x86_64 | 0.8.5-2 | 385.00 | 368.00 | 753.00 | OK | |
r-patched-linux-x86_64 | 0.8.5-2 | 346.36 | 307.10 | 653.46 | NOTE | |
r-patched-solaris-x86 | 0.8.5-2 | 585.80 | NOTE | |||
r-release-linux-x86_64 | 0.8.5-2 | 347.63 | 304.30 | 651.93 | NOTE | |
r-release-macos-x86_64 | 0.8.5-2 | NOTE | ||||
r-release-windows-ix86+x86_64 | 0.8.5-2 | 385.00 | 370.00 | 755.00 | OK | |
r-oldrel-macos-x86_64 | 0.8.5-2 | NOTE | ||||
r-oldrel-windows-ix86+x86_64 | 0.8.5-2 | 297.00 | 352.00 | 649.00 | OK |
Version: 0.8.5-2
Check: package dependencies
Result: NOTE
Package suggested but not available for checking: 'knitcitations'
Flavors: r-devel-linux-x86_64-debian-clang, r-devel-linux-x86_64-debian-gcc, r-devel-linux-x86_64-fedora-clang, r-devel-linux-x86_64-fedora-gcc, r-patched-linux-x86_64, r-patched-solaris-x86, r-release-linux-x86_64
Version: 0.8.5-2
Check: installed package size
Result: NOTE
installed size is 12.3Mb
sub-directories of 1Mb or more:
libs 10.6Mb
Flavors: r-devel-linux-x86_64-fedora-clang, r-release-macos-x86_64, r-oldrel-macos-x86_64