Last updated on 2020-12-01 00:46:46 CET.
Flavor | Version | Tinstall | Tcheck | Ttotal | Status | Flags |
---|---|---|---|---|---|---|
r-devel-linux-x86_64-debian-clang | 1.0.2 | 5.22 | 53.81 | 59.03 | NOTE | |
r-devel-linux-x86_64-debian-gcc | 1.0.2 | 3.62 | 44.37 | 47.99 | NOTE | |
r-devel-linux-x86_64-fedora-clang | 1.0.2 | 78.32 | NOTE | |||
r-devel-linux-x86_64-fedora-gcc | 1.0.2 | 68.85 | NOTE | |||
r-devel-windows-ix86+x86_64 | 1.0.2 | 8.00 | 66.00 | 74.00 | NOTE | |
r-patched-linux-x86_64 | 1.0.2 | 5.16 | 57.52 | 62.68 | NOTE | |
r-patched-solaris-x86 | 1.0.2 | 106.80 | NOTE | |||
r-release-linux-x86_64 | 1.0.2 | 5.32 | 57.05 | 62.37 | NOTE | |
r-release-macos-x86_64 | 1.0.2 | NOTE | ||||
r-release-windows-ix86+x86_64 | 1.0.2 | 7.00 | 63.00 | 70.00 | NOTE | |
r-oldrel-macos-x86_64 | 1.0.2 | NOTE | ||||
r-oldrel-windows-ix86+x86_64 | 1.0.2 | 7.00 | 104.00 | 111.00 | NOTE |
Version: 1.0.2
Check: DESCRIPTION meta-information
Result: NOTE
Malformed Description field: should contain one or more complete sentences.
Flavors: r-devel-linux-x86_64-debian-clang, r-devel-linux-x86_64-debian-gcc, r-devel-linux-x86_64-fedora-clang, r-devel-linux-x86_64-fedora-gcc, r-devel-windows-ix86+x86_64, r-patched-linux-x86_64, r-patched-solaris-x86, r-release-linux-x86_64, r-release-macos-x86_64, r-release-windows-ix86+x86_64, r-oldrel-macos-x86_64, r-oldrel-windows-ix86+x86_64
Version: 1.0.2
Check: R code for possible problems
Result: NOTE
Found the following possibly unsafe calls:
File 'matlab/R/zzz.R':
unlockBinding("savedTime", .MatlabNamespaceEnv)
colorbar : colorbar.EO: no visible global function definition for 'par'
colorbar : colorbar.EO: no visible global function definition for
'axis'
colorbar : colorbar.EO: no visible global function definition for
'axTicks'
colorbar : colorbar.EO: no visible global function definition for 'box'
colorbar : colorbar.NO: no visible global function definition for
'axis'
colorbar : colorbar.NO: no visible global function definition for
'axTicks'
colorbar : colorbar.NO: no visible global function definition for 'box'
imagesc : pretty.axp: no visible global function definition for 'par'
imagesc: no visible global function definition for 'axis'
imagesc: no visible global function definition for 'box'
jet.colors: no visible global function definition for 'rgb'
multiline.plot.colors : get.gca.colororder: no visible global function
definition for 'rgb'
std: no visible global function definition for 'sd'
Undefined global functions or variables:
axTicks axis box par rgb sd
Consider adding
importFrom("grDevices", "rgb")
importFrom("graphics", "axTicks", "axis", "box", "par")
importFrom("stats", "sd")
to your NAMESPACE file.
Flavors: r-devel-linux-x86_64-debian-clang, r-devel-linux-x86_64-debian-gcc, r-devel-linux-x86_64-fedora-clang, r-devel-linux-x86_64-fedora-gcc, r-devel-windows-ix86+x86_64, r-patched-linux-x86_64, r-patched-solaris-x86, r-release-linux-x86_64, r-release-macos-x86_64, r-release-windows-ix86+x86_64, r-oldrel-macos-x86_64, r-oldrel-windows-ix86+x86_64