CRAN Package Check Results for Package mcmcr

Last updated on 2020-12-01 00:46:47 CET.

Flavor Version Tinstall Tcheck Ttotal Status Flags
r-devel-linux-x86_64-debian-clang 0.4.0 8.43 67.39 75.82 OK
r-devel-linux-x86_64-debian-gcc 0.4.0 5.34 53.08 58.42 OK
r-devel-linux-x86_64-fedora-clang 0.4.0 97.25 NOTE
r-devel-linux-x86_64-fedora-gcc 0.4.0 84.74 OK
r-devel-windows-ix86+x86_64 0.4.0 11.00 67.00 78.00 OK
r-patched-linux-x86_64 0.4.0 5.90 71.28 77.18 OK
r-patched-solaris-x86 0.4.0 111.10 OK
r-release-linux-x86_64 0.4.0 6.85 71.40 78.25 OK
r-release-macos-x86_64 0.4.0 OK
r-release-windows-ix86+x86_64 0.4.0 8.00 70.00 78.00 OK
r-oldrel-macos-x86_64 0.4.0 OK
r-oldrel-windows-ix86+x86_64 0.4.0 8.00 69.00 77.00 OK

Check Details

Version: 0.4.0
Check: Rd cross-references
Result: NOTE
    Undeclared package ‘generics’ in Rd xrefs
Flavor: r-devel-linux-x86_64-fedora-clang