CRAN Package Check Results for Package memo

Last updated on 2020-12-01 00:46:47 CET.

Flavor Version Tinstall Tcheck Ttotal Status Flags
r-devel-linux-x86_64-debian-clang 1.0.1 3.10 24.35 27.45 NOTE
r-devel-linux-x86_64-debian-gcc 1.0.1 2.33 19.43 21.76 NOTE
r-devel-linux-x86_64-fedora-clang 1.0.1 40.83 OK
r-devel-linux-x86_64-fedora-gcc 1.0.1 30.93 OK
r-devel-windows-ix86+x86_64 1.0.1 9.00 39.00 48.00 NOTE
r-patched-linux-x86_64 1.0.1 3.10 27.59 30.69 NOTE
r-patched-solaris-x86 1.0.1 48.70 OK
r-release-linux-x86_64 1.0.1 3.34 26.24 29.58 NOTE
r-release-macos-x86_64 1.0.1 OK
r-release-windows-ix86+x86_64 1.0.1 10.00 39.00 49.00 NOTE
r-oldrel-macos-x86_64 1.0.1 OK
r-oldrel-windows-ix86+x86_64 1.0.1 6.00 38.00 44.00 OK

Check Details

Version: 1.0.1
Check: package vignettes
Result: NOTE
    Package vignette with placeholder title 'Vignette Title':
     'README.Rmd'
Flavors: r-devel-linux-x86_64-debian-clang, r-devel-linux-x86_64-debian-gcc, r-devel-windows-ix86+x86_64, r-patched-linux-x86_64, r-release-linux-x86_64, r-release-windows-ix86+x86_64