CRAN Package Check Results for Package metR

Last updated on 2020-12-01 00:46:47 CET.

Flavor Version Tinstall Tcheck Ttotal Status Flags
r-devel-linux-x86_64-debian-clang 0.9.0 25.03 367.05 392.08 OK
r-devel-linux-x86_64-debian-gcc 0.9.0 14.26 261.58 275.84 OK
r-devel-linux-x86_64-fedora-clang 0.9.0 401.45 NOTE
r-devel-linux-x86_64-fedora-gcc 0.9.0 370.11 NOTE
r-devel-windows-ix86+x86_64 0.9.0 34.00 318.00 352.00 OK
r-patched-linux-x86_64 0.9.0 17.50 345.00 362.50 OK
r-patched-solaris-x86 0.9.0 460.20 NOTE
r-release-linux-x86_64 0.9.0 17.49 345.23 362.72 OK
r-release-macos-x86_64 0.9.0 ERROR
r-release-windows-ix86+x86_64 0.9.0 33.00 413.00 446.00 OK
r-oldrel-macos-x86_64 0.9.0 ERROR
r-oldrel-windows-ix86+x86_64 0.9.0 24.00 356.00 380.00 OK

Check Details

Version: 0.9.0
Check: dependencies in R code
Result: NOTE
    Namespace in Imports field not imported from: ‘memoise’
     All declared Imports should be used.
Flavors: r-devel-linux-x86_64-fedora-clang, r-devel-linux-x86_64-fedora-gcc, r-patched-solaris-x86, r-release-macos-x86_64, r-oldrel-macos-x86_64

Version: 0.9.0
Check: tests
Result: ERROR
     Running ‘testthat.R’ [29s/30s]
    Running the tests in ‘tests/testthat.R’ failed.
    Last 13 lines of output:
    
     ── Skip (test-vis-text-contour.R:75:5): geom_label_contour also work ───────────
     Skipping on CRAN
    
     ── Skipped tests ──────────────────────────────────────────────────────────────
     ● On CRAN (5)
     ● Skipping on CRAN (47)
    
     ══ testthat results ═══════════════════════════════════════════════════════════
     FAILURE (test-interpolate.R:22:5): interpolate works
     FAILURE (test-trajectory.R:9:5): trajectory works
    
     [ FAIL 2 | WARN 0 | SKIP 52 | PASS 138 ]
     Error: Test failures
     Execution halted
Flavor: r-release-macos-x86_64

Version: 0.9.0
Check: tests
Result: ERROR
     Running ‘testthat.R’ [102s/55s]
    Running the tests in ‘tests/testthat.R’ failed.
    Last 13 lines of output:
    
     ── Skip (test-vis-text-contour.R:75:5): geom_label_contour also work ───────────
     Skipping on CRAN
    
     ── Skipped tests ──────────────────────────────────────────────────────────────
     ● On CRAN (5)
     ● Skipping on CRAN (47)
    
     ══ testthat results ═══════════════════════════════════════════════════════════
     FAILURE (test-interpolate.R:22:5): interpolate works
     FAILURE (test-trajectory.R:9:5): trajectory works
    
     [ FAIL 2 | WARN 0 | SKIP 52 | PASS 138 ]
     Error: Test failures
     Execution halted
Flavor: r-oldrel-macos-x86_64