Last updated on 2020-12-01 00:46:47 CET.
Flavor | Version | Tinstall | Tcheck | Ttotal | Status | Flags |
---|---|---|---|---|---|---|
r-devel-linux-x86_64-debian-clang | 1.2.3 | 6.47 | 55.59 | 62.06 | OK | |
r-devel-linux-x86_64-debian-gcc | 1.2.3 | 5.67 | 43.41 | 49.08 | OK | |
r-devel-linux-x86_64-fedora-clang | 1.2.3 | 77.48 | NOTE | |||
r-devel-linux-x86_64-fedora-gcc | 1.2.3 | 67.99 | NOTE | |||
r-devel-windows-ix86+x86_64 | 1.2.3 | 13.00 | 58.00 | 71.00 | OK | |
r-patched-linux-x86_64 | 1.2.3 | 6.23 | 53.70 | 59.93 | OK | |
r-patched-solaris-x86 | 1.2.3 | 101.50 | NOTE | |||
r-release-linux-x86_64 | 1.2.3 | 6.64 | 53.95 | 60.59 | OK | |
r-release-macos-x86_64 | 1.2.3 | NOTE | ||||
r-release-windows-ix86+x86_64 | 1.2.3 | 10.00 | 60.00 | 70.00 | OK | |
r-oldrel-macos-x86_64 | 1.2.3 | NOTE | ||||
r-oldrel-windows-ix86+x86_64 | 1.2.3 | 14.00 | 65.00 | 79.00 | OK |
Version: 1.2.3
Check: dependencies in R code
Result: NOTE
Namespace in Imports field not imported from: ‘grDevices’
All declared Imports should be used.
Flavors: r-devel-linux-x86_64-fedora-clang, r-devel-linux-x86_64-fedora-gcc, r-patched-solaris-x86, r-release-macos-x86_64, r-oldrel-macos-x86_64
Version: 1.2.3
Check: data for non-ASCII characters
Result: NOTE
Note: found 5 marked UTF-8 strings
Flavors: r-devel-linux-x86_64-fedora-clang, r-devel-linux-x86_64-fedora-gcc, r-patched-solaris-x86, r-release-macos-x86_64, r-oldrel-macos-x86_64