Last updated on 2020-12-01 00:46:47 CET.
Flavor | Version | Tinstall | Tcheck | Ttotal | Status | Flags |
---|---|---|---|---|---|---|
r-devel-linux-x86_64-debian-clang | 0.6.5 | 1116.10 | 376.32 | 1492.42 | NOTE | |
r-devel-linux-x86_64-debian-gcc | 0.6.5 | 1406.84 | 302.58 | 1709.42 | NOTE | |
r-devel-linux-x86_64-fedora-clang | 0.6.5 | 1701.09 | NOTE | |||
r-devel-linux-x86_64-fedora-gcc | 0.6.5 | 1871.74 | NOTE | |||
r-devel-windows-ix86+x86_64 | 0.6.5 | 1981.00 | 608.00 | 2589.00 | NOTE | |
r-patched-linux-x86_64 | 0.6.5 | 0.71 | 10.39 | 11.10 | ERROR | |
r-patched-solaris-x86 | 0.6.5 | 1710.20 | NOTE | |||
r-release-linux-x86_64 | 0.6.5 | 1298.92 | 415.41 | 1714.33 | NOTE | |
r-release-macos-x86_64 | 0.6.5 | NOTE | ||||
r-release-windows-ix86+x86_64 | 0.6.5 | 1448.00 | 646.00 | 2094.00 | NOTE | |
r-oldrel-macos-x86_64 | 0.6.5 | NOTE | ||||
r-oldrel-windows-ix86+x86_64 | 0.6.5 | 1630.00 | 733.00 | 2363.00 | NOTE |
Version: 0.6.5
Check: for GNU extensions in Makefiles
Result: NOTE
GNU make is a SystemRequirements.
Flavors: r-devel-linux-x86_64-debian-clang, r-devel-linux-x86_64-debian-gcc, r-devel-linux-x86_64-fedora-clang, r-devel-linux-x86_64-fedora-gcc, r-devel-windows-ix86+x86_64, r-patched-solaris-x86, r-release-linux-x86_64, r-release-macos-x86_64, r-release-windows-ix86+x86_64, r-oldrel-macos-x86_64, r-oldrel-windows-ix86+x86_64
Version: 0.6.5
Check: installed package size
Result: NOTE
installed size is 130.7Mb
sub-directories of 1Mb or more:
libs 130.1Mb
Flavors: r-devel-linux-x86_64-fedora-clang, r-devel-windows-ix86+x86_64, r-patched-solaris-x86, r-release-macos-x86_64, r-release-windows-ix86+x86_64, r-oldrel-macos-x86_64, r-oldrel-windows-ix86+x86_64
Version: 0.6.5
Check: whether package can be installed
Result: ERROR
Installation failed.
Flavor: r-patched-linux-x86_64