Last updated on 2020-12-01 00:46:47 CET.
Flavor | Version | Tinstall | Tcheck | Ttotal | Status | Flags |
---|---|---|---|---|---|---|
r-devel-linux-x86_64-debian-clang | 1.13.1 | 173.87 | 173.02 | 346.89 | OK | |
r-devel-linux-x86_64-debian-gcc | 1.13.1 | 143.95 | 130.28 | 274.23 | OK | |
r-devel-linux-x86_64-fedora-clang | 1.13.1 | 392.00 | NOTE | |||
r-devel-linux-x86_64-fedora-gcc | 1.13.1 | 372.09 | OK | |||
r-devel-windows-ix86+x86_64 | 1.13.1 | 255.00 | 179.00 | 434.00 | OK | |
r-patched-linux-x86_64 | 1.13.1 | 232.86 | 167.43 | 400.29 | OK | |
r-patched-solaris-x86 | 1.13.1 | 352.20 | OK | |||
r-release-linux-x86_64 | 1.13.1 | 235.36 | 165.03 | 400.39 | OK | |
r-release-macos-x86_64 | 1.13.1 | NOTE | ||||
r-release-windows-ix86+x86_64 | 1.13.1 | 261.00 | 179.00 | 440.00 | OK | |
r-oldrel-macos-x86_64 | 1.13.1 | NOTE | ||||
r-oldrel-windows-ix86+x86_64 | 1.13.1 | 197.00 | 217.00 | 414.00 | OK |
Version: 1.13.1
Check: installed package size
Result: NOTE
installed size is 8.3Mb
sub-directories of 1Mb or more:
libs 6.7Mb
Flavors: r-devel-linux-x86_64-fedora-clang, r-release-macos-x86_64, r-oldrel-macos-x86_64
Version: 1.13.1
Check: Rd cross-references
Result: NOTE
Undeclared packages ‘hoa’, ‘evir’ in Rd xrefs
Flavor: r-devel-linux-x86_64-fedora-clang