Last updated on 2020-12-01 00:46:47 CET.
Flavor | Version | Tinstall | Tcheck | Ttotal | Status | Flags |
---|---|---|---|---|---|---|
r-devel-linux-x86_64-debian-clang | 0.6.2 | 162.16 | 85.59 | 247.75 | OK | |
r-devel-linux-x86_64-debian-gcc | 0.6.2 | 152.12 | 60.88 | 213.00 | OK | |
r-devel-linux-x86_64-fedora-clang | 0.6.2 | 280.06 | NOTE | |||
r-devel-linux-x86_64-fedora-gcc | 0.6.2 | 254.90 | OK | |||
r-devel-windows-ix86+x86_64 | 0.6.2 | 270.00 | 116.00 | 386.00 | OK | |
r-patched-linux-x86_64 | 0.6.2 | 193.18 | 82.36 | 275.54 | OK | |
r-patched-solaris-x86 | 0.6.2 | 245.30 | OK | |||
r-release-linux-x86_64 | 0.6.2 | 186.27 | 83.61 | 269.88 | OK | |
r-release-macos-x86_64 | 0.6.2 | NOTE | ||||
r-release-windows-ix86+x86_64 | 0.6.2 | 214.00 | 131.00 | 345.00 | OK | |
r-oldrel-macos-x86_64 | 0.6.2 | NOTE | ||||
r-oldrel-windows-ix86+x86_64 | 0.6.2 | 214.00 | 156.00 | 370.00 | OK |
Version: 0.6.2
Check: installed package size
Result: NOTE
installed size is 10.4Mb
sub-directories of 1Mb or more:
libs 9.4Mb
Flavors: r-devel-linux-x86_64-fedora-clang, r-release-macos-x86_64, r-oldrel-macos-x86_64