CRAN Package Check Results for Package migrate

Last updated on 2020-12-01 00:46:47 CET.

Flavor Version Tinstall Tcheck Ttotal Status Flags
r-devel-linux-x86_64-debian-clang 0.2.0 3.53 32.69 36.22 OK
r-devel-linux-x86_64-debian-gcc 0.2.0 2.74 29.06 31.80 OK
r-devel-linux-x86_64-fedora-clang 0.2.0 47.61 OK
r-devel-linux-x86_64-fedora-gcc 0.2.0 38.73 OK
r-devel-windows-ix86+x86_64 0.2.0 6.00 36.00 42.00 OK
r-patched-linux-x86_64 0.2.0 3.39 34.98 38.37 OK
r-patched-solaris-x86 0.2.0 57.60 OK
r-release-linux-x86_64 0.2.0 3.40 34.57 37.97 OK
r-release-macos-x86_64 0.2.0 OK
r-release-windows-ix86+x86_64 0.2.0 8.00 52.00 60.00 OK
r-oldrel-macos-x86_64 0.2.0 ERROR
r-oldrel-windows-ix86+x86_64 0.2.0 4.00 45.00 49.00 ERROR

Check Details

Version: 0.2.0
Check: tests
Result: ERROR
     Running ‘testthat.R’ [1s/1s]
    Running the tests in ‘tests/testthat.R’ failed.
    Last 13 lines of output:
     > library(testthat)
     > library(migrate)
     >
     > test_check("migrate")
     Using risk_rating_start as the 'rating_start' column variableUsing risk_rating_end as the 'rating_end' column variableUsing principal_balance as the 'metric' column variable── FAILURE (test-build_matrix.R:11:3): build_matrix() returns an object of class
     class(raw) not equal to c("matrix", "array").
     Lengths differ: 1 is not 2
    
     ══ testthat results ═══════════════════════════════════════════════════════════
     FAILURE (test-build_matrix.R:11:3): build_matrix() returns an object of classes `matrix` & `array`
    
     [ FAIL 1 | WARN 0 | SKIP 0 | PASS 1 ]
     Error: Test failures
     Execution halted
Flavor: r-oldrel-macos-x86_64

Version: 0.2.0
Check: tests
Result: ERROR
     Running 'testthat.R' [2s]
    Running the tests in 'tests/testthat.R' failed.
    Complete output:
     > library(testthat)
     > library(migrate)
     >
     > test_check("migrate")
     Using risk_rating_start as the 'rating_start' column variableUsing risk_rating_end as the 'rating_end' column variableUsing principal_balance as the 'metric' column variable-- FAILURE (test-build_matrix.R:11:3): build_matrix() returns an object of class
     class(raw) not equal to c("matrix", "array").
     Lengths differ: 1 is not 2
    
     == testthat results ===========================================================
     FAILURE (test-build_matrix.R:11:3): build_matrix() returns an object of classes `matrix` & `array`
    
     [ FAIL 1 | WARN 0 | SKIP 0 | PASS 1 ]
     Error: Test failures
     Execution halted
Flavor: r-oldrel-windows-ix86+x86_64