Last updated on 2020-12-01 00:46:47 CET.
Flavor | Version | Tinstall | Tcheck | Ttotal | Status | Flags |
---|---|---|---|---|---|---|
r-devel-linux-x86_64-debian-clang | 1.0.0 | 9.56 | 71.25 | 80.81 | OK | |
r-devel-linux-x86_64-debian-gcc | 1.0.0 | 6.62 | 55.38 | 62.00 | OK | |
r-devel-linux-x86_64-fedora-clang | 1.0.0 | 103.91 | OK | |||
r-devel-linux-x86_64-fedora-gcc | 1.0.0 | 90.26 | OK | |||
r-devel-windows-ix86+x86_64 | 1.0.0 | 19.00 | 74.00 | 93.00 | OK | |
r-patched-linux-x86_64 | 1.0.0 | 8.89 | 67.80 | 76.69 | OK | |
r-patched-solaris-x86 | 1.0.0 | 122.70 | OK | |||
r-release-linux-x86_64 | 1.0.0 | 8.87 | 71.06 | 79.93 | OK | |
r-release-macos-x86_64 | 1.0.0 | OK | ||||
r-release-windows-ix86+x86_64 | 1.0.0 | 14.00 | 67.00 | 81.00 | OK | |
r-oldrel-macos-x86_64 | 1.0.0 | OK | ||||
r-oldrel-windows-ix86+x86_64 | 1.0.0 | 8.00 | 7.00 | 15.00 | ERROR |
Version: 1.0.0
Check: whether package can be installed
Result: ERROR
Installation failed.
Flavor: r-oldrel-windows-ix86+x86_64