CRAN Package Check Results for Package mosqcontrol

Last updated on 2020-12-01 00:46:48 CET.

Flavor Version Tinstall Tcheck Ttotal Status Flags
r-devel-linux-x86_64-debian-clang 0.1.0 6.06 38.70 44.76 OK
r-devel-linux-x86_64-debian-gcc 0.1.0 3.99 31.62 35.61 OK
r-devel-linux-x86_64-fedora-clang 0.1.0 57.42 NOTE
r-devel-linux-x86_64-fedora-gcc 0.1.0 50.98 NOTE
r-devel-windows-ix86+x86_64 0.1.0 9.00 42.00 51.00 OK
r-patched-linux-x86_64 0.1.0 6.02 40.87 46.89 OK
r-patched-solaris-x86 0.1.0 73.40 NOTE
r-release-linux-x86_64 0.1.0 5.84 40.99 46.83 OK
r-release-macos-x86_64 0.1.0 NOTE
r-release-windows-ix86+x86_64 0.1.0 9.00 43.00 52.00 OK
r-oldrel-macos-x86_64 0.1.0 NOTE
r-oldrel-windows-ix86+x86_64 0.1.0 6.00 51.00 57.00 OK

Check Details

Version: 0.1.0
Check: dependencies in R code
Result: NOTE
    Namespace in Imports field not imported from: ‘NlcOptim’
     All declared Imports should be used.
Flavors: r-devel-linux-x86_64-fedora-clang, r-devel-linux-x86_64-fedora-gcc, r-patched-solaris-x86, r-release-macos-x86_64, r-oldrel-macos-x86_64