Last updated on 2020-12-01 00:46:48 CET.
Flavor | Version | Tinstall | Tcheck | Ttotal | Status | Flags |
---|---|---|---|---|---|---|
r-devel-linux-x86_64-debian-clang | 0.2 | 18.78 | 52.09 | 70.87 | OK | |
r-devel-linux-x86_64-debian-gcc | 0.2 | 17.44 | 40.42 | 57.86 | OK | |
r-devel-linux-x86_64-fedora-clang | 0.2 | 88.65 | NOTE | |||
r-devel-linux-x86_64-fedora-gcc | 0.2 | 76.44 | NOTE | |||
r-devel-windows-ix86+x86_64 | 0.2 | 37.00 | 81.00 | 118.00 | OK | |
r-patched-linux-x86_64 | 0.2 | 20.77 | 52.59 | 73.36 | OK | |
r-patched-solaris-x86 | 0.2 | 128.70 | OK | |||
r-release-linux-x86_64 | 0.2 | 20.04 | 53.15 | 73.19 | OK | |
r-release-macos-x86_64 | 0.2 | OK | ||||
r-release-windows-ix86+x86_64 | 0.2 | 27.00 | 78.00 | 105.00 | OK | |
r-oldrel-macos-x86_64 | 0.2 | OK | ||||
r-oldrel-windows-ix86+x86_64 | 0.2 | 27.00 | 98.00 | 125.00 | OK |
Version: 0.2
Check: compiled code
Result: NOTE
File ‘mpbart/libs/mpbart.so’:
Found no calls to: ‘R_registerRoutines’, ‘R_useDynamicSymbols’
It is good practice to register native routines and to disable symbol
search.
See ‘Writing portable packages’ in the ‘Writing R Extensions’ manual.
Flavors: r-devel-linux-x86_64-fedora-clang, r-devel-linux-x86_64-fedora-gcc