Last updated on 2020-12-01 00:46:48 CET.
Flavor | Version | Tinstall | Tcheck | Ttotal | Status | Flags |
---|---|---|---|---|---|---|
r-devel-linux-x86_64-debian-clang | 1.1.2 | 10.99 | 129.27 | 140.26 | OK | |
r-devel-linux-x86_64-debian-gcc | 1.1.2 | 6.83 | 96.79 | 103.62 | OK | |
r-devel-linux-x86_64-fedora-clang | 1.1.2 | 164.71 | NOTE | |||
r-devel-linux-x86_64-fedora-gcc | 1.1.2 | 156.87 | NOTE | |||
r-devel-windows-ix86+x86_64 | 1.1.2 | 15.00 | 125.00 | 140.00 | OK | |
r-patched-linux-x86_64 | 1.1.2 | 8.20 | 132.14 | 140.34 | OK | |
r-patched-solaris-x86 | 1.1.2 | 215.10 | NOTE | |||
r-release-linux-x86_64 | 1.1.2 | 9.15 | 134.91 | 144.06 | OK | |
r-release-macos-x86_64 | 1.1.2 | NOTE | ||||
r-release-windows-ix86+x86_64 | 1.1.2 | 12.00 | 123.00 | 135.00 | OK | |
r-oldrel-macos-x86_64 | 1.1.2 | NOTE | ||||
r-oldrel-windows-ix86+x86_64 | 1.1.2 | 14.00 | 166.00 | 180.00 | OK |
Version: 1.1.2
Check: dependencies in R code
Result: NOTE
Namespace in Imports field not imported from: ‘ggplot2’
All declared Imports should be used.
Flavors: r-devel-linux-x86_64-fedora-clang, r-devel-linux-x86_64-fedora-gcc, r-patched-solaris-x86, r-release-macos-x86_64, r-oldrel-macos-x86_64