CRAN Package Check Results for Package multicolor

Last updated on 2020-12-01 00:46:48 CET.

Flavor Version Tinstall Tcheck Ttotal Status Flags
r-devel-linux-x86_64-debian-clang 0.1.4 4.05 55.41 59.46 OK
r-devel-linux-x86_64-debian-gcc 0.1.4 2.94 44.24 47.18 OK
r-devel-linux-x86_64-fedora-clang 0.1.4 75.94 NOTE
r-devel-linux-x86_64-fedora-gcc 0.1.4 68.05 NOTE
r-devel-windows-ix86+x86_64 0.1.4 7.00 40.00 47.00 OK
r-patched-linux-x86_64 0.1.4 3.45 64.98 68.43 OK
r-patched-solaris-x86 0.1.4 95.00 NOTE
r-release-linux-x86_64 0.1.4 3.19 62.49 65.68 OK
r-release-macos-x86_64 0.1.4 NOTE
r-release-windows-ix86+x86_64 0.1.4 6.00 40.00 46.00 OK
r-oldrel-macos-x86_64 0.1.4 NOTE
r-oldrel-windows-ix86+x86_64 0.1.4 4.00 51.00 55.00 OK

Check Details

Version: 0.1.4
Check: dependencies in R code
Result: NOTE
    Namespace in Imports field not imported from: ‘cowsay’
     All declared Imports should be used.
Flavors: r-devel-linux-x86_64-fedora-clang, r-devel-linux-x86_64-fedora-gcc, r-patched-solaris-x86, r-release-macos-x86_64, r-oldrel-macos-x86_64