CRAN Package Check Results for Package namedCapture

Last updated on 2020-12-01 00:46:48 CET.

Flavor Version Tinstall Tcheck Ttotal Status Flags
r-devel-linux-x86_64-debian-clang 2020.4.1 3.00 34.62 37.62 NOTE
r-devel-linux-x86_64-debian-gcc 2020.4.1 2.06 28.61 30.67 NOTE
r-devel-linux-x86_64-fedora-clang 2020.4.1 49.37 NOTE
r-devel-linux-x86_64-fedora-gcc 2020.4.1 39.21 NOTE
r-devel-windows-ix86+x86_64 2020.4.1 6.00 40.00 46.00 OK
r-patched-linux-x86_64 2020.4.1 2.80 33.58 36.38 NOTE
r-patched-solaris-x86 2020.4.1 60.80 NOTE
r-release-linux-x86_64 2020.4.1 2.85 33.65 36.50 NOTE
r-release-macos-x86_64 2020.4.1 NOTE
r-release-windows-ix86+x86_64 2020.4.1 5.00 42.00 47.00 OK
r-oldrel-macos-x86_64 2020.4.1 OK
r-oldrel-windows-ix86+x86_64 2020.4.1 3.00 50.00 53.00 OK

Check Details

Version: 2020.4.1
Check: package dependencies
Result: NOTE
    Package suggested but not available for checking: 're2r'
Flavors: r-devel-linux-x86_64-debian-clang, r-devel-linux-x86_64-debian-gcc, r-devel-linux-x86_64-fedora-clang, r-devel-linux-x86_64-fedora-gcc, r-patched-linux-x86_64, r-patched-solaris-x86, r-release-linux-x86_64, r-release-macos-x86_64