Last updated on 2020-12-01 00:46:49 CET.
Flavor | Version | Tinstall | Tcheck | Ttotal | Status | Flags |
---|---|---|---|---|---|---|
r-devel-linux-x86_64-debian-clang | 3.2.0 | 35.05 | 227.89 | 262.94 | OK | |
r-devel-linux-x86_64-debian-gcc | 3.2.0 | 24.20 | 161.23 | 185.43 | OK | |
r-devel-linux-x86_64-fedora-clang | 3.2.0 | 297.26 | OK | |||
r-devel-linux-x86_64-fedora-gcc | 3.2.0 | 279.54 | OK | |||
r-devel-windows-ix86+x86_64 | 3.2.0 | 54.00 | 177.00 | 231.00 | OK | |
r-patched-linux-x86_64 | 3.2.0 | 28.82 | 206.57 | 235.39 | OK | |
r-patched-solaris-x86 | 3.2.0 | 468.20 | NOTE | |||
r-release-linux-x86_64 | 3.2.0 | 28.03 | 204.13 | 232.16 | OK | |
r-release-macos-x86_64 | 3.2.0 | OK | ||||
r-release-windows-ix86+x86_64 | 3.2.0 | 39.00 | 178.00 | 217.00 | OK | |
r-oldrel-macos-x86_64 | 3.2.0 | OK | ||||
r-oldrel-windows-ix86+x86_64 | 3.2.0 | 41.00 | 229.00 | 270.00 | OK |
Version: 3.2.0
Check: installed package size
Result: NOTE
installed size is 5.2Mb
sub-directories of 1Mb or more:
R 4.3Mb
Flavor: r-patched-solaris-x86