CRAN Package Check Results for Package ngramr

Last updated on 2020-12-01 00:46:49 CET.

Flavor Version Tinstall Tcheck Ttotal Status Flags
r-devel-linux-x86_64-debian-clang 1.7.2 8.43 46.49 54.92 OK
r-devel-linux-x86_64-debian-gcc 1.7.2 4.78 39.22 44.00 OK
r-devel-linux-x86_64-fedora-clang 1.7.2 70.06 NOTE
r-devel-linux-x86_64-fedora-gcc 1.7.2 58.64 NOTE
r-devel-windows-ix86+x86_64 1.7.2 12.00 54.00 66.00 OK
r-patched-linux-x86_64 1.7.2 5.40 46.86 52.26 OK
r-patched-solaris-x86 1.7.2 87.30 NOTE
r-release-linux-x86_64 1.7.2 5.99 49.33 55.32 OK
r-release-macos-x86_64 1.7.2 NOTE
r-release-windows-ix86+x86_64 1.7.2 10.00 49.00 59.00 OK
r-oldrel-macos-x86_64 1.7.2 NOTE
r-oldrel-windows-ix86+x86_64 1.7.2 10.00 65.00 75.00 OK

Check Details

Version: 1.7.2
Check: dependencies in R code
Result: NOTE
    Namespace in Imports field not imported from: ‘lifecycle’
     All declared Imports should be used.
Flavors: r-devel-linux-x86_64-fedora-clang, r-devel-linux-x86_64-fedora-gcc, r-patched-solaris-x86, r-release-macos-x86_64, r-oldrel-macos-x86_64